598. Give v(-29).
40
Let s(b) = b**3 - 18*b**2 + 18*b - 292. Calculate s(18).
32
Let z(x) = -19*x**3 + x**2 + 8*x - 7. What is z(1)?
-17
Let r(h) = -3*h**3 - 160*h**2 + 108*h + 48. Determine r(-54).
48
Let q(w) = -4*w**3 + 4*w**2 + 16*w - 76. Determine q(3).
-100
Let t(s) = -2*s**3 + 159*s - 28. Give t(-9).
-1
Let l(v) = 2*v**2 + 18*v - 380. Give l(11).
60
Let o(w) = 3*w + 210. Determine o(-68).
6
Let m(t) = 3*t**3 + 5*t - 2. What is m(2)?
32
Let x(y) = 993*y + 7947. Determine x(-8).
3
Let b(d) = d**3 - 12*d**2 - 49*d + 592. Determine b(12).
4
Let d(j) = -j**2 + 29*j - 167. Determine d(21).
1
Let b(o) = o**2 + 126*o + 3195. Determine b(-90).
-45
Let d(v) = v**3 + v**2 + 660*v - 2015. Give d(3).
1
Let o(s) = -2*s**3 + 139*s**2 + 73*s - 162. Determine o(70).
48
Let i(t) = t**3 + 28*t**2 - 114*t - 2467. What is i(-29)?
-2
Let r(u) = 80*u**2 - 2*u - 3. Calculate r(1).
75
Let n(g) = -174*g**2 + 48*g + 5. Determine n(2).
-595
Let p(g) = 24*g - 449. Calculate p(19).
7
Let u(a) = a**3 + 31*a**2 - 633*a - 138. Calculate u(-45).
-3
Let r(w) = -w**3 + 21*w**2 - 107*w + 940. Give r(18).
-14
Let v(y) = 2*y**3 + 223*y**2 + 128*y + 1626. What is v(-111)?
-261
Let x(y) = 4*y**3 + 6*y**2 + 7*y + 6. What is x(-1)?
1
Let h(w) = 2*w**3 - 16*w**2 + 6*w + 12. What is h(9)?
228
Let w(m) = -m**2 + 90*m + 822. Calculate w(-10).
-178
Let d(g) = -8*g**2 - 109*g + 11. What is d(-12)?
167
Let a(g) = g**3 - 2*g**2 - 6*g - 169. What is a(10)?
571
Let r(i) = i**2 + 165*i - 8950. Give r(43).
-6
Let u(z) = -116*z - 1735. What is u(-16)?
121
Let s(y) = y**3 - 42*y**2 + 79*y + 26. Calculate s(40).
-14
Let m(v) = -3*v**3 + 177*v**2 + 365*v + 67. What is m(61)?
6
Let w(x) = -90*x + 76. Give w(0).
76
Let g(y) = 2*y**3 + 7*y**2 + 58*y + 525. Give g(-6).
-3
Let o(q) = q**2 - 33*q + 168. Determine o(25).
-32
Let t(c) = c**2 + 64*c + 697. Give t(-50).
-3
Let b(c) = 2*c**3 - 29*c**2 + 62*c - 11. Calculate b(12).
13
Let r(m) = 606*m - 3030. Determine r(5).
0
Let h(n) = n**3 - 2*n**2 + 7*n - 57. What is h(6)?
129
Let j(g) = -2*g**3 - 35*g**2 + 11*g - 184. What is j(-18)?
-58
Let l(q) = -q**3 + 7*q**2 - q - 59. What is l(0)?
-59
Let n(x) = -x**3 - 20*x**2 - 66*x + 20. What is n(-16)?
52
Let h(u) = -u**2 + 71*u - 1253. What is h(35)?
7
Let q(g) = -6*g**2 + 65*g - 177. Give q(7).
-16
Let p(k) = -k**2 + 458*k - 27789. Calculate p(72).
3
Let c(w) = 2*w**2 - 18*w + 58. What is c(6)?
22
Let g(n) = 11*n - 43. Calculate g(-6).
-109
Let i(y) = -8*y**2 + 64*y - 121. Determine i(3).
-1
Let a(t) = 11*t - 156. Determine a(14).
-2
Let l(f) = 88*f + 99. Give l(-1).
11
Let d(f) = 3*f**2 + 12*f - 15. Give d(5).
120
Let z(x) = -559*x + 1183. Calculate z(2).
65
Let h(m) = -42*m**2 - 157*m + 30. Determine h(-4).
-14
Let q(j) = 4*j**3 - 3*j**2 - 3*j + 6. What is q(3)?
78
Let c(z) = -z**3 + 51*z**2 + 47*z - 24. What is c(52)?
-284
Let x(u) = -2*u**2 - 31*u + 387. Calculate x(8).
11
Let y(r) = -11*r - 925. Calculate y(-72).
-133
Let m(i) = 460*i + 2352. Calculate m(-5).
52
Let u(q) = -q**3 + 23*q**2 - 123*q - 10. Give u(10).
60
Let n(a) = 4*a**2 - 785*a - 10655. Determine n(209).
4
Let n(s) = s**2 - 2633*s + 13137. Calculate n(5).
-3
Let r(d) = 2*d**3 - 12*d**2 - 43*d + 212. What is r(5)?
-53
Let y(l) = -2*l**2 + 275*l - 375. Determine y(136).
33
Let g(u) = 1462*u - 2911. Determine g(2).
13
Let n(z) = -2*z**3 - 35*z**2 - 31*z - 230. What is n(-17)?
8
Let c(h) = -7*h**2 + 50*h + 3. Determine c(6).
51
Let h(u) = 347*u**2 + 35*u + 34. What is h(-1)?
346
Let f(p) = 8*p + 223. Give f(-28).
-1
Let y(q) = -q**2 - 78*q - 132. Give y(-77).
-55
Let l(h) = 66*h + 852. Calculate l(-13).
-6
Let z(x) = x**3 - 13*x**2 - 147*x - 290. What is z(-5)?
-5
Let j(c) = -67*c - 3659. Give j(-55).
26
Let d(p) = -p**3 - 124*p**2 - 3779*p + 90. Calculate d(-70).
20
Let p(o) = 2*o**3 - 7*o**2 + 25*o + 4. Determine p(3).
70
Let w(l) = 33*l**2 - 6*l + 6. What is w(1)?
33
Let s(d) = -d**2 - 55*d - 526. Calculate s(-44).
-42
Let q(z) = 2*z**2 - 102*z - 38744. Calculate q(167).
0
Let o(s) = -s**3 + 17*s**2 - 14*s - 16. What is o(16)?
16
Let a(d) = -d**2 - 47*d - 103. Determine a(-39).
209
Let t(a) = 5392*a + 32353. What is t(-6)?
1
Let i(l) = l**2 - 26*l - 125. Give i(-4).
-5
Let p(w) = -w**3 + 14*w**2 - 44*w + 374. Determine p(7).
409
Let x(v) = -10*v**2 - 187*v + 53. Determine x(-19).
-4
Let f(p) = 368*p - 3009. Calculate f(8).
-65
Let k(h) = 3*h**2 - 158*h + 98. Determine k(52).
-6
Let r(s) = -s**3 + 14*s**2 + 53*s + 20. Determine r(17).
54
Let a(u) = u**3 - 78*u**2 + 3*u - 212. What is a(78)?
22
Let l(k) = -24*k**2 + 12*k + 1. Determine l(-2).
-119
Let n(h) = -h**3 + 15*h**2 + 17*h - 22. Give n(7).
489
Let g(o) = -113*o - 111. Determine g(-1).
2
Let k(o) = -46*o**2 - 292*o - 97. Give k(-6).
-1
Let y(u) = 43*u - 285. Determine y(8).
59
Let n(x) = -x**2 - 75*x - 1290. Give n(-27).
6
Let g(p) = 342*p + 1226. What is g(-3)?
200
Let u(m) = 2*m + 38. Determine u(-19).
0
Let t(u) = 2*u**2 - 64*u - 557. Give t(-7).
-11
Let b(u) = 16*u**2 - 5*u - 29. Determine b(-4).
247
Let r(h) = h**3 + h**2 + 9*h + 48. Calculate r(-4).
-36
Let w(v) = v**3 - 3*v**2 + 3*v + 2. Give w(5).
67
Let q(z) = -9*z**2 - 53*z + 8. What is q(-5)?
48
Let i(p) = -17*p - 465. Determine i(-31).
62
Let n(h) = 105*h - 2278. Determine n(23).
137
Let s(c) = c**3 + 24*c**2 + 59*c + 328. What is s(-22)?
-2
Let p(r) = 2*r**2 + 339*r - 3584. Calculate p(10).
6
Let n(v) = v + 252. What is n(-12)?
240
Let t(c) = -54*c + 21. Give t(-4).
237
Let l(t) = -8*t + 19. Give l(2).
3
Let q(f) = -2005*f + 5. What is q(0)?
5
Let a(w) = w**3 + 2*w**2 + 7*w - 12. Give a(-4).
-72
Let v(b) = b**3 + 24*b**2 + 183*b + 462. Calculate v(-12).
-6
Let t(r) = r**3 + 2*r**2 - 17*r + 24. Determine t(-7).
-102
Let k(h) = 16*h**3 + 158*h**2 - 19*h + 3. Give k(-10).
-7
Let g(n) = -10*n**2 + 493*n - 4550. What is g(37)?
1
Let a(q) = -q - 56. What is a(12)?
-68
Let b(j) = j**3 - 12*j**2 - 19*j + 34. Determine b(12).
-194
Let o(u) = 2*u**3 - u**2 - 95*u - 214. Give o(-5).
-14
Let j(s) = -4*s**2 - 52*s + 54. Calculate j(-11).
142
Let i(k) = k**2 + 326*k - 2317. Calculate i(7).
14
Let f(p) = 429*p - 2080. Give f(4).
-364
Let k(s) = 401*s + 58555. What is k(-146)?
9
Let d(m) = -m**3 - 15*m**2 + 40*m + 852. Determine d(-9).
6
Let a(w) = -119*w - 527. Give a(-3).
-170
Let v(i) = 115*i - 684. What is v(6)?
6
Let k(t) = 2*t**3 + 12*t**2 + 30*t + 105. Give k(-5).
5
Let j(p) = 154*p**2 + p + 4. Calculate j(1).
159
Let w(g) = -2*g**2 + 64*g + 1291. Calculate w(46).
3
Let t(l) = 20*l**2 - 2*l - 3. Determine t(-1).
19
Let t(f) = -f**3 + 26*f**2 - 86*f - 682. Determine t(20).
-2
Let g(p) = p**2 - 24*p - 321. Give g(0).
-321
Let k(j) = -j**2 - 398*j - 7914. Calculate k(-21).
3
Let b(u) = -2*u**3 - 206*u**2 + 209*u - 127. Determine b(-104).
-231
Let h(y) = -46*y - 175. Give h(-1).
-129
Let s(i) = -166*i + 498. Determine s(3).
0
Let d(i) = i**2 + 85*i + 1493. What is d(-60)?
-7
Let o(t) = -t**2 + 13983*t + 55946. Calculate o(-4).
-2
Let n(t) = -12*t - 229. Calculate n(-14).
-61
Let l(j) = 760*j**2 + 4560*j - 11. Calculate l(-6).
-11
Let s(w) = -2*w**2 - 11*w + 252. Give s(10).
-58
Let h(t) = -2*t**2 + 6*t + 321. Give h(14).
13
Let g(q) = q**3 - 18*q**2 - 228*q + 3955. Determine g(19).
-16
Let h(m) = -406*m + 2923. What is h(7)?
81
Let o(y) = y**3 + 5*y**2 - 34*y + 37. Determine o(-9).
19
Let y(o) = o**2 + 226*o - 1162. Calculate y(5).
-7
Let a(q) = -q**3 - 115*q**2 - 1167*q - 2390. Give a(-104).
2
Let c(t) = -7*t - 10. Determine c(12).
-94
Let g(o) = o**3 + 57*o**2 + 757*o + 46. Give g(-36).
10
Let d(s) = 3*s**2 - 191*s - 77. What is d(64)?
-13
Let c(u) = -4*u**2 + 442*u - 104. Determine c(110).
116
Let w(o) = -146*o - 1059. Calculate w(-7).
-37
Let s(o) = -o**3 - 32*o**2 - 31*o - 22. Calculate s(-31).
-22
Let j(l) = -l**3 - 7*l**2 - 14*l - 93. Give j(-7).
5
Let m(n) = 12592*n + 62955. What is m(-5)?
-5
Let p(s) = -s**3 + 59*s**2 - 7*s + 21. Calculate p(59).
-392
Let j(v) = -v**3 + 121*v**2 + 633*v - 347. What is j(126)?
31
Let v(r) = r**3 + 72*r**2 - 470*r - 148. Give v(-78).
8
Let m(o) = o**3 + 116*o**2 + o + 147. What is m(-116)?
31
Let b(n) = -11*n**2 + 100*n - 4. What is b(9)?
5
Let l(d) = 2*d**3 - 40*d**2 - 11*d + 51. What is l(20)?
-169
Let q(s) = 10*s**2 - 301*s + 230. Determine q(29).
-89
Let o(t) = 271*t - 630. What is o